{"id":6,"date":"2024-09-09T17:29:27","date_gmt":"2024-09-09T15:29:27","guid":{"rendered":"https:\/\/wilma.tim-wagner.com\/?page_id=6"},"modified":"2024-09-10T19:43:39","modified_gmt":"2024-09-10T17:43:39","slug":"ueber-uns","status":"publish","type":"page","link":"https:\/\/wilma.tim-wagner.com\/index.php\/ueber-uns\/","title":{"rendered":"\u00dcber uns"},"content":{"rendered":"\n<div class=\"wp-block-group alignfull is-content-justification-center is-nowrap is-layout-flex wp-container-core-group-is-layout-9c2c222c wp-block-group-is-layout-flex\" style=\"padding-top:var(--wp--preset--spacing--50);padding-right:var(--wp--preset--spacing--50);padding-bottom:var(--wp--preset--spacing--50);padding-left:var(--wp--preset--spacing--50)\">\n<div class=\"wp-block-group has-global-padding is-layout-constrained wp-container-core-group-is-layout-650790e1 wp-block-group-is-layout-constrained\">\n<h1 class=\"wp-block-heading has-text-align-center has-x-large-font-size\">Wer wir sind &#8211; Ihr kompetentes Team <\/h1>\n\n\n\n<div style=\"height:1.25rem\" aria-hidden=\"true\" class=\"wp-block-spacer\"><\/div>\n\n\n\n<p class=\"has-text-align-center\">Bei Dr. Manfred steht die Gesundheit Ihres Tieres an erster Stelle. Unser Team aus engagierten Tier\u00e4rzten und geschultem Fachpersonal verf\u00fcgt \u00fcber langj\u00e4hrige Erfahrung und ein breites Fachwissen in der Tiermedizin. Durch regelm\u00e4\u00dfige Fortbildungen bleiben wir stets auf dem neuesten Stand der Forschung, um Ihrem Haustier die bestm\u00f6gliche Behandlung zu bieten.<\/p>\n\n\n\n<p class=\"has-text-align-center\">Unsere Praxis ist modern ausgestattet und bietet ein breites Spektrum an diagnostischen und therapeutischen Leistungen. Uns ist es wichtig, eine vertraute und stressfreie Umgebung f\u00fcr Sie und Ihr Tier zu schaffen. Lernen Sie uns und unsere Philosophie kennen \u2013 bei uns steht das Wohl Ihres Tieres immer im Mittelpunkt.<\/p>\n\n\n\n<div style=\"height:1.25rem\" aria-hidden=\"true\" class=\"wp-block-spacer\"><\/div>\n\n\n\n<div class=\"wp-block-buttons is-content-justification-center is-layout-flex wp-container-core-buttons-is-layout-a89b3969 wp-block-buttons-is-layout-flex\"><\/div>\n<\/div>\n\n\n\n<div style=\"height:0px;width:0px\" aria-hidden=\"true\" class=\"wp-block-spacer wp-container-content-32e3a40d\"><\/div>\n<\/div>\n\n\n\n<div class=\"wp-block-group alignfull has-base-2-background-color has-background is-vertical is-layout-flex wp-container-core-group-is-layout-056709a1 wp-block-group-is-layout-flex\" style=\"margin-top:0;margin-bottom:0;padding-top:var(--wp--preset--spacing--50);padding-right:var(--wp--preset--spacing--50);padding-bottom:var(--wp--preset--spacing--50);padding-left:var(--wp--preset--spacing--50)\">\n<div class=\"wp-block-group is-vertical is-content-justification-center is-layout-flex wp-container-core-group-is-layout-52b864f0 wp-block-group-is-layout-flex\">\n<h2 class=\"wp-block-heading has-text-align-center is-style-asterisk\">Unser Team stellt sich vor <\/h2>\n\n\n\n<p class=\"has-text-align-center\"><strong>Lerne Dr. Manfred, Lucy, Hailey und Hati kennen<\/strong><\/p>\n\n\n\n<div style=\"height:0px\" aria-hidden=\"true\" class=\"wp-block-spacer wp-container-content-4f2ccadb\"><\/div>\n\n\n\n<p class=\"has-text-align-center\">Unser Team ist nicht nur fachlich hervorragend, sondern auch menschlich mit ganzem Herzen bei der Sache. Wir stellen Ihnen heute drei unserer engagierten Mitarbeiterinnen vor, die mit ihren speziellen Schwerpunkten dazu beitragen, dass sich Ihr Tier bei uns rundum wohlf\u00fchlt und bestm\u00f6glich versorgt wird.<\/p>\n<\/div>\n\n\n\n<div style=\"margin-top:0;margin-bottom:0;height:0px;width:0px\" aria-hidden=\"true\" class=\"wp-block-spacer wp-container-content-9d1f8957\"><\/div>\n\n\n\n<div class=\"wp-block-columns alignwide is-layout-flex wp-container-core-columns-is-layout-d0bbbce0 wp-block-columns-is-layout-flex\">\n<div class=\"wp-block-column is-layout-flow wp-container-core-column-is-layout-9b635ac4 wp-block-column-is-layout-flow\">\n<h3 class=\"wp-block-heading has-text-align-left is-style-asterisk has-body-font-family has-medium-font-size\" style=\"font-style:normal;font-weight:600\"><strong>Dr. Manfred<\/strong><\/h3>\n\n\n\n<p><strong>Fachtierarzt f\u00fcr Chirurgie<\/strong><\/p>\n\n\n\n<p class=\"has-text-align-left\">Dr. Manfred ist der erfahrene Fachtierarzt f\u00fcr Chirurgie und Innere Medizin in unserer Praxis. Mit \u00fcber 20 Jahren Erfahrung in der Tiermedizin ist er der Spezialist f\u00fcr komplexe chirurgische Eingriffe und schwierige internistische F\u00e4lle. Sein breites Wissen und seine ruhige Hand machen ihn zu einem unverzichtbaren Teil unseres Teams.<\/p>\n\n\n\n<p><strong>Seine Fachgebiete umfassen:<\/strong><\/p>\n\n\n\n<ul class=\"wp-block-list\">\n<li>Chirurgische Eingriffe, von Routineoperationen bis hin zu komplizierten Notfall-OPs<\/li>\n\n\n\n<li>Diagnose und Behandlung von internistischen Erkrankungen<\/li>\n\n\n\n<li>Postoperative Betreuung und Rehabilitationsma\u00dfnahmen<\/li>\n<\/ul>\n\n\n\n<p>Dr. Manfred ist bekannt f\u00fcr seine sorgf\u00e4ltige Arbeitsweise und seine F\u00e4higkeit, selbst in stressigen Notf\u00e4llen Ruhe und Sicherheit auszustrahlen. Er nimmt sich f\u00fcr jede Patientin und jeden Patienten die n\u00f6tige Zeit und steht den Tierhaltermit ausf\u00fchrlichen Beratungen zur Seite.<\/p>\n\n\n\n<figure class=\"wp-block-image size-full\"><img loading=\"lazy\" decoding=\"async\" width=\"447\" height=\"648\" src=\"https:\/\/wilma.tim-wagner.com\/wp-content\/uploads\/2024\/09\/Manni.jpg\" alt=\"\" class=\"wp-image-25\" srcset=\"https:\/\/wilma.tim-wagner.com\/wp-content\/uploads\/2024\/09\/Manni.jpg 447w, https:\/\/wilma.tim-wagner.com\/wp-content\/uploads\/2024\/09\/Manni-207x300.jpg 207w\" sizes=\"auto, (max-width: 447px) 100vw, 447px\" \/><\/figure>\n<\/div>\n\n\n\n<div class=\"wp-block-column is-layout-flow wp-container-core-column-is-layout-e3d1c41b wp-block-column-is-layout-flow\">\n<h3 class=\"wp-block-heading has-text-align-left is-style-asterisk has-body-font-family has-medium-font-size\" style=\"font-style:normal;font-weight:600\"><strong>Lucy<\/strong><\/h3>\n\n\n\n<p><strong>Tier\u00e4rztin mit Schwerpunkt Mental Health<\/strong><\/p>\n\n\n\n<p class=\"has-text-align-left\">Lucy hat sich auf die mentale Gesundheit und das Verhalten von Haustieren spezialisiert. Sie wei\u00df, dass ein gl\u00fcckliches Haustier nicht nur physisch, sondern auch emotional gesund sein muss. Als Tier\u00e4rztin mit Schwerpunkt Mental Health hilft Lucy Tierhaltern dabei, Verhaltensprobleme zu verstehen und zu bew\u00e4ltigen.<\/p>\n\n\n\n<p><strong>Ihre Fachgebiete umfassen:<\/strong><\/p>\n\n\n\n<ul class=\"wp-block-list\">\n<li>Behandlung von Angst- und Verhaltensst\u00f6rungen<\/li>\n\n\n\n<li>Stressmanagement und Entspannungstechniken f\u00fcr Haustiere<\/li>\n\n\n\n<li>Beratung zu Verhaltensproblemen<\/li>\n<\/ul>\n\n\n\n<p class=\"has-text-align-left\">Lucy bringt viel Empathie und Geduld in ihre Arbeit ein und schafft es, selbst \u00e4ngstlichen oder gestressten Tieren zu helfen, wieder Vertrauen zu fassen und ein ausgeglichenes Leben zu f\u00fchren.<\/p>\n\n\n\n<figure class=\"wp-block-image size-full\"><img loading=\"lazy\" decoding=\"async\" width=\"463\" height=\"644\" src=\"https:\/\/wilma.tim-wagner.com\/wp-content\/uploads\/2024\/09\/Lucy.jpg\" alt=\"\" class=\"wp-image-26\" srcset=\"https:\/\/wilma.tim-wagner.com\/wp-content\/uploads\/2024\/09\/Lucy.jpg 463w, https:\/\/wilma.tim-wagner.com\/wp-content\/uploads\/2024\/09\/Lucy-216x300.jpg 216w\" sizes=\"auto, (max-width: 463px) 100vw, 463px\" \/><\/figure>\n<\/div>\n<\/div>\n\n\n\n<div style=\"height:0px;width:0px\" aria-hidden=\"true\" class=\"wp-block-spacer wp-container-content-333afba9\"><\/div>\n\n\n\n<div class=\"wp-block-columns alignwide is-layout-flex wp-container-core-columns-is-layout-d0bbbce0 wp-block-columns-is-layout-flex\">\n<div class=\"wp-block-column is-layout-flow wp-container-core-column-is-layout-e3d1c41b wp-block-column-is-layout-flow\">\n<h3 class=\"wp-block-heading has-text-align-left is-style-asterisk has-body-font-family has-medium-font-size\" style=\"font-style:normal;font-weight:600\"><strong>Hailey<\/strong><\/h3>\n\n\n\n<p><strong>Tiermedizinische Fachangestellte (TFA) mit Schwerpunkt Beauty<\/strong><\/p>\n\n\n\n<p class=\"has-text-align-left\">Hailey ist unsere Expertin f\u00fcr das \u00e4u\u00dfere Wohlbefinden Ihres Tieres. Als TFA mit dem Schwerpunkt Beauty k\u00fcmmert sie sich um die professionelle Fellpflege und sorgt daf\u00fcr, dass Ihr Haustier nicht nur gesund, sondern auch gepflegt ist.<\/p>\n\n\n\n<p><strong>Ihre Aufgaben umfassen:<\/strong><\/p>\n\n\n\n<ul class=\"wp-block-list\">\n<li>Professionelle Fellpflege f\u00fcr Hunde und Katzen<\/li>\n\n\n\n<li>Nagel- und Pfotenpflege<\/li>\n\n\n\n<li>Beratung zu Haut- und Fellgesundheit<\/li>\n<\/ul>\n\n\n\n<p class=\"has-text-align-left\">Mit viel Geduld und Einf\u00fchlungsverm\u00f6gen geht Hailey auf jedes Tier individuell ein und schafft eine stressfreie Umgebung, in der sich auch die \u00e4ngstlichsten Tiere sicher f\u00fchlen.<\/p>\n\n\n\n<figure class=\"wp-block-image size-full\"><img loading=\"lazy\" decoding=\"async\" width=\"464\" height=\"640\" src=\"https:\/\/wilma.tim-wagner.com\/wp-content\/uploads\/2024\/09\/1.jpg\" alt=\"\" class=\"wp-image-27\" srcset=\"https:\/\/wilma.tim-wagner.com\/wp-content\/uploads\/2024\/09\/1.jpg 464w, https:\/\/wilma.tim-wagner.com\/wp-content\/uploads\/2024\/09\/1-218x300.jpg 218w\" sizes=\"auto, (max-width: 464px) 100vw, 464px\" \/><\/figure>\n<\/div>\n\n\n\n<div class=\"wp-block-column is-layout-flow wp-container-core-column-is-layout-e3d1c41b wp-block-column-is-layout-flow\">\n<h3 class=\"wp-block-heading has-text-align-left is-style-asterisk has-body-font-family has-medium-font-size\" style=\"font-style:normal;font-weight:600\"><strong>Hati<\/strong><\/h3>\n\n\n\n<p><strong>Tiermedizinischer Fachangestellter (TFA) und Praxismanager<\/strong><\/p>\n\n\n\n<p class=\"has-text-align-left\">Hati ist das Organisationstalent der Praxis. Als Praxismanager sorgt er daf\u00fcr, dass alles reibungslos l\u00e4uft, und k\u00fcmmert sich um den administrativen Ablauf. Gleichzeitig unterst\u00fctzt er das medizinische Team als erfahrener TFA.<\/p>\n\n\n\n<p><strong>Seine Aufgaben beinhalten:<\/strong><\/p>\n\n\n\n<ul class=\"wp-block-list\">\n<li>Organisation und Verwaltung der Praxisabl\u00e4ufe<\/li>\n\n\n\n<li>Terminplanung und -koordination<\/li>\n\n\n\n<li>Unterst\u00fctzung bei Behandlungen und chirurgischen Eingriffen<\/li>\n<\/ul>\n\n\n\n<p class=\"has-text-align-left\">Hati ist der erste Ansprechpartner, wenn es um administrative Fragen geht. Mit seiner strukturierten Arbeitsweise und seinem freundlichen Wesen sorgt er daf\u00fcr, dass sowohl die Patienten als auch deren Besitzer immer bestens betreut werden.<\/p>\n\n\n\n<figure class=\"wp-block-image size-full\"><img loading=\"lazy\" decoding=\"async\" width=\"476\" height=\"650\" src=\"https:\/\/wilma.tim-wagner.com\/wp-content\/uploads\/2024\/09\/Hati.jpg\" alt=\"\" class=\"wp-image-28\" srcset=\"https:\/\/wilma.tim-wagner.com\/wp-content\/uploads\/2024\/09\/Hati.jpg 476w, https:\/\/wilma.tim-wagner.com\/wp-content\/uploads\/2024\/09\/Hati-220x300.jpg 220w\" sizes=\"auto, (max-width: 476px) 100vw, 476px\" \/><\/figure>\n<\/div>\n<\/div>\n<\/div>\n\n\n\n<div class=\"wp-block-group alignfull has-global-padding is-layout-constrained wp-container-core-group-is-layout-d89aad35 wp-block-group-is-layout-constrained\" style=\"margin-top:0;margin-bottom:0;padding-top:var(--wp--preset--spacing--50);padding-right:var(--wp--preset--spacing--50);padding-bottom:var(--wp--preset--spacing--50);padding-left:var(--wp--preset--spacing--50)\">\n<div class=\"wp-block-group is-vertical is-content-justification-center is-layout-flex wp-container-core-group-is-layout-6329a8f3 wp-block-group-is-layout-flex\">\n<h2 class=\"wp-block-heading has-text-align-center is-style-asterisk\">Unser Team steht f\u00fcr Euch bereit!<\/h2>\n\n\n\n<p class=\"has-text-align-center\">Mit Hailey, Lucy, Hati und Dr. Manfred seid Ihr bei uns in besten H\u00e4nden. Gemeinsam arbeiten sie mit Leidenschaft und Fachwissen daran, dass es deinem Tier rundum gut geht \u2013 von der Pflege \u00fcber die mentale Gesundheit bis hin zu komplexen chirurgischen Eingriffen.<\/p>\n\n\n\n<div class=\"wp-block-buttons is-layout-flex wp-block-buttons-is-layout-flex\">\n<div class=\"wp-block-button\"><a class=\"wp-block-button__link wp-element-button\">Termine<\/a><\/div>\n\n\n\n<div class=\"wp-block-button\"><a class=\"wp-block-button__link wp-element-button\">Notfall<\/a><\/div>\n<\/div>\n<\/div>\n\n\n\n<div style=\"height:51px\" aria-hidden=\"true\" class=\"wp-block-spacer\"><\/div>\n\n\n\n<div style=\"height:min(4rem, 5vw)\" aria-hidden=\"true\" class=\"wp-block-spacer\"><\/div>\n\n\n\n<div class=\"wp-block-group has-global-padding is-layout-constrained wp-block-group-is-layout-constrained\">\n<div class=\"wp-block-group has-global-padding is-layout-constrained wp-block-group-is-layout-constrained\">\n<h2 class=\"wp-block-heading\">Unsere Philosophie \u2013 Ihr Tier, unser Herz<\/h2>\n<\/div>\n<\/div>\n\n\n\n<div class=\"wp-block-group has-global-padding is-layout-constrained wp-block-group-is-layout-constrained\">\n<div class=\"wp-block-group has-global-padding is-layout-constrained wp-block-group-is-layout-constrained\">\n<div class=\"wp-block-group has-global-padding is-layout-constrained wp-block-group-is-layout-constrained\">\n<div class=\"wp-block-group has-global-padding is-layout-constrained wp-block-group-is-layout-constrained\">\n<p>Bei Dr. Manfred glauben wir, dass die Gesundheit und das Wohlbefinden deines Tieres mehr sind als nur medizinische Betreuung. Unser Ansatz basiert auf einer tiefen Leidenschaft f\u00fcr Tiere und dem festen Glauben, dass jedes Haustier individuelle Aufmerksamkeit und F\u00fcrsorge verdient.<\/p>\n<\/div>\n<\/div>\n<\/div>\n<\/div>\n\n\n\n<div class=\"wp-block-group alignwide has-global-padding is-layout-constrained wp-block-group-is-layout-constrained\">\n<div class=\"wp-block-columns alignwide is-layout-flex wp-container-core-columns-is-layout-d1c656ed wp-block-columns-is-layout-flex\">\n<div class=\"wp-block-column is-vertically-aligned-top is-layout-flow wp-block-column-is-layout-flow\" style=\"flex-basis:40%\">\n<div class=\"wp-block-group is-vertical is-layout-flex wp-container-core-group-is-layout-fed7e1b2 wp-block-group-is-layout-flex\">\n<div class=\"wp-block-group has-global-padding is-layout-constrained wp-block-group-is-layout-constrained\">\n<div class=\"wp-block-group has-global-padding is-layout-constrained wp-block-group-is-layout-constrained\">\n<h3 class=\"wp-block-heading is-style-asterisk\">Ganzheitliche Betreuung<\/h3>\n<\/div>\n<\/div>\n\n\n\n<div class=\"wp-block-group has-global-padding is-layout-constrained wp-block-group-is-layout-constrained\">\n<p class=\"is-style-checkmark-list\">Wir betrachten die Gesundheit Ihres Tieres aus einer ganzheitlichen Perspektive, die sowohl k\u00f6rperliche als auch emotionale Bed\u00fcrfnisse umfasst. Unser Ziel ist es, nicht nur Krankheiten zu behandeln, sondern auch pr\u00e4ventive Ma\u00dfnahmen zu ergreifen, um das langfristige Wohlbefinden Ihres Haustiers zu f\u00f6rdern.<\/p>\n<\/div>\n<\/div>\n\n\n\n<div class=\"wp-block-group is-vertical is-content-justification-left is-layout-flex wp-container-core-group-is-layout-0c84590b wp-block-group-is-layout-flex\">\n<div class=\"wp-block-group has-global-padding is-layout-constrained wp-block-group-is-layout-constrained\">\n<h3 class=\"wp-block-heading is-style-asterisk\">Empathie und Vertrauen<\/h3>\n<\/div>\n\n\n\n<p class=\"is-style-checkmark-list\">Eine vertrauensvolle Beziehung zwischen uns, Dir und Deinem Tier ist uns besonders wichtig. Wir arbeiten daran, eine freundliche und beruhigende Atmosph\u00e4re zu schaffen, in der Du Dich sicher f\u00fchlst und Dein Tier sich wohlf\u00fchlt. Unser Team begegnet Dir und Deinem Haustier mit Einf\u00fchlungsverm\u00f6gen, Geduld und Respekt.<\/p>\n<\/div>\n<\/div>\n\n\n\n<div class=\"wp-block-column is-vertically-aligned-top is-layout-flow wp-block-column-is-layout-flow\" style=\"flex-basis:40%\">\n<h3 class=\"wp-block-heading is-style-asterisk\">Individuelle F\u00fcrsorge<\/h3>\n\n\n\n<div class=\"wp-block-group has-global-padding is-layout-constrained wp-block-group-is-layout-constrained\">\n<p>Jedes Tier ist einzigartig und verdient eine ma\u00dfgeschneiderte Betreuung. Wir nehmen uns die Zeit, um die individuellen Bed\u00fcrfnisse und Besonderheiten Ihres Haustiers zu verstehen und entwickeln personalisierte Behandlungspl\u00e4ne, die auf seine spezifischen Anforderungen abgestimmt sind.<\/p>\n<\/div>\n\n\n\n<div class=\"wp-block-group is-vertical is-layout-flex wp-container-core-group-is-layout-fed7e1b2 wp-block-group-is-layout-flex\">\n<div class=\"wp-block-group has-global-padding is-layout-constrained wp-block-group-is-layout-constrained\">\n<h3 class=\"wp-block-heading is-style-asterisk\">Exzellenz durch Weiterbildung<\/h3>\n<\/div>\n\n\n\n<p class=\"is-style-checkmark-list\">Die Tiermedizin entwickelt sich st\u00e4ndig weiter. Deshalb legen wir gro\u00dfen Wert auf kontinuierliche Weiterbildung und den Einsatz modernster Technologien, um Dir und Deinem Haustier die bestm\u00f6gliche Versorgung zu bieten.<\/p>\n<\/div>\n\n\n\n<div class=\"wp-block-group is-vertical is-layout-flex wp-container-core-group-is-layout-fed7e1b2 wp-block-group-is-layout-flex\">\n<h3 class=\"wp-block-heading is-style-asterisk\">Partnerschaft mit den Tierhaltern<\/h3>\n\n\n\n<p class=\"is-style-checkmark-list\">Wir sehen uns als Partner an Deiner Seite. Durch offene Kommunikation und umfassende Beratung stellen wir sicher, dass Du gut informiert und in alle Entscheidungen einbezogen wirst. Gemeinsam arbeiten wir daran, die beste L\u00f6sung f\u00fcr Dein Haustier zu finden.<\/p>\n<\/div>\n<\/div>\n<\/div>\n<\/div>\n\n\n\n<p><\/p>\n<\/div>\n\n\n\n<div class=\"wp-block-group alignfull has-base-color has-contrast-background-color has-text-color has-background has-global-padding is-layout-constrained wp-container-core-group-is-layout-ef3d885c wp-block-group-is-layout-constrained\" style=\"margin-top:0;margin-bottom:0;padding-top:var(--wp--preset--spacing--60);padding-right:var(--wp--preset--spacing--60);padding-bottom:var(--wp--preset--spacing--60);padding-left:var(--wp--preset--spacing--60)\">\n<div class=\"wp-block-group has-global-padding is-layout-constrained wp-block-group-is-layout-constrained\">\n<p class=\"has-text-align-center has-base-color has-text-color has-heading-font-family has-x-large-font-size\" style=\"line-height:1.2\"><em>\u201eWir sind fest entschlossen, Deinem Tier mit Herz und Fachwissen zur Seite zu stehen und eine vertrauensvolle, liebevolle Betreuung zu bieten. Bei uns steht Dein Tier immer im Mittelpunkt \u2013 wir setzen uns daf\u00fcr ein, dass es ein gesundes, gl\u00fcckliches Leben f\u00fchrt.<\/em><em>\u201c<\/em><\/p>\n\n\n\n<div style=\"height:var(--wp--preset--spacing--10)\" aria-hidden=\"true\" class=\"wp-block-spacer\"><\/div>\n<\/div>\n<\/div>\n\n\n\n<div class=\"wp-block-group alignfull has-global-padding is-layout-constrained wp-container-core-group-is-layout-d89aad35 wp-block-group-is-layout-constrained\" style=\"margin-top:0;margin-bottom:0;padding-top:var(--wp--preset--spacing--50);padding-right:var(--wp--preset--spacing--50);padding-bottom:var(--wp--preset--spacing--50);padding-left:var(--wp--preset--spacing--50)\"><\/div>\n\n\n\n<p><\/p>\n","protected":false},"excerpt":{"rendered":"<p>Wer wir sind &#8211; Ihr kompetentes Team Bei Dr. Manfred steht die Gesundheit Ihres Tieres an erster Stelle. Unser Team aus engagierten Tier\u00e4rzten und geschultem Fachpersonal verf\u00fcgt \u00fcber langj\u00e4hrige Erfahrung und ein breites Fachwissen in der Tiermedizin. Durch regelm\u00e4\u00dfige Fortbildungen bleiben wir stets auf dem neuesten Stand der Forschung, um Ihrem Haustier die bestm\u00f6gliche Behandlung [&hellip;]<\/p>\n","protected":false},"author":1,"featured_media":0,"parent":0,"menu_order":0,"comment_status":"closed","ping_status":"closed","template":"","meta":{"footnotes":""},"class_list":["post-6","page","type-page","status-publish","hentry"],"_links":{"self":[{"href":"https:\/\/wilma.tim-wagner.com\/index.php\/wp-json\/wp\/v2\/pages\/6","targetHints":{"allow":["GET"]}}],"collection":[{"href":"https:\/\/wilma.tim-wagner.com\/index.php\/wp-json\/wp\/v2\/pages"}],"about":[{"href":"https:\/\/wilma.tim-wagner.com\/index.php\/wp-json\/wp\/v2\/types\/page"}],"author":[{"embeddable":true,"href":"https:\/\/wilma.tim-wagner.com\/index.php\/wp-json\/wp\/v2\/users\/1"}],"replies":[{"embeddable":true,"href":"https:\/\/wilma.tim-wagner.com\/index.php\/wp-json\/wp\/v2\/comments?post=6"}],"version-history":[{"count":6,"href":"https:\/\/wilma.tim-wagner.com\/index.php\/wp-json\/wp\/v2\/pages\/6\/revisions"}],"predecessor-version":[{"id":41,"href":"https:\/\/wilma.tim-wagner.com\/index.php\/wp-json\/wp\/v2\/pages\/6\/revisions\/41"}],"wp:attachment":[{"href":"https:\/\/wilma.tim-wagner.com\/index.php\/wp-json\/wp\/v2\/media?parent=6"}],"curies":[{"name":"wp","href":"https:\/\/api.w.org\/{rel}","templated":true}]}}